t m(k) = 4*k**3 + k**2 - k - 1. What is the units digit of m(1)?
3
Let r(w) = -w**2 + 6*w + 1. Suppose 0 = 5*q - 15, -5 = -k - q + 4. What is the units digit of r(k)?
1
Let y(l) = 18*l**2 + 2*l - 3. What is the tens digit of y(2)?
7
Suppose -2*z = y - 26, 0*y + z = 5*y - 152. What is the tens digit of y?
3
Let q be (-8)/(-36) - (-68)/18. Suppose -20 = -q*o - 4*b, 0*b + 3*b - 22 = -4*o. Let x = 0 + o. What is the units digit of x?
7
Suppose -15 = -u + 33. Suppose 5*k = u - 3. What is the units digit of k?
9
Let v be 2*2 - (-1)/(-1). Suppose -16 = -i - 4*r, 0 = 2*i - 5*r + 7. Suppose 4*y + i*m - 18 = y, v*y = 2*m. What is the units digit of y?
2
Suppose 0 = -4*a - 4 - 16. Let v = 24 + a. What is the units digit of v?
9
Let c(v) = -2*v - 8. Let x be c(-7). Let f be 0/1 - x/(-3). Suppose f*b = -b + 18. What is the units digit of b?
6
Let z = -9 + 8. What is the units digit of (-1 + z - -11)*2?
8
Let w(v) = v - 4. Let m(t) = -t + 4. Let r(f) = -5*m(f) - 4*w(f). Let c be r(6). Suppose -3*n + 3*x + 5 = c*x, -3*x = -12. What is the units digit of n?
3
Suppose i - 7 = 4*l + 1, -i + 40 = 4*l. Let o = i - 8. What is the units digit of 92/o + (-2)/(-8)?
6
Let c(l) = -2*l + 4. Suppose 12 = 4*a, -4*a - 17 = 5*g + 1. What is the units digit of c(g)?
6
Suppose -4*p + 5*b - 13 = -5, -2*p + 4*b = 10. Suppose 3*u - p*l + 0*l = 42, -2*u + 4*l = -22. What is the tens digit of u?
1
What is the units digit of (-6)/(-10) + (-536)/(-40)?
4
Suppose -9 - 295 = -4*m. What is the units digit of m?
6
Suppose 0 = 3*u - 6*u + 24. Let o = u - 5. Suppose 7*q - 3*q - 20 = 0, o*s - 14 = -q. What is the units digit of s?
3
Suppose 2*f - 60 = 7*f. Let t = 14 + f. What is the units digit of t?
2
Suppose -2*q + 5 = -1, -q + 190 = l. What is the tens digit of l?
8
Suppose 5*d - 5*i - 19 = 6, 3*d = 5*i + 19. Suppose -5*m = -3*o + 3 + 68, -3*m + 56 = 4*o. What is the units digit of (-1 + (d - 1))*o?
7
Let i(h) = -h**3 + 6*h**2 - 4*h - 2. Let q be i(5). What is the units digit of 7 + (-3)/(q - 4)?
0
Let k be 1*-3 + 2 + 0. What is the units digit of (k/1)/((-16)/576)?
6
Let o = 7 + -5. Suppose 0 = -h - 1 + o. What is the units digit of h?
1
Suppose -4*h - 5*l + 56 = 0, 2*h + 2*l - 13 = 13. Suppose 4*s + 50 = h*s. What is the tens digit of s?
1
Suppose 5*a - 25 = 0, 0*v - 4*v + 118 = -2*a. Let s = -20 + v. What is the tens digit of s?
1
Suppose j = -4 - 16. Let x be 0 - j*(2 + -1). Suppose -k + x = -3*i + i, 68 = 4*k - 5*i. What is the tens digit of k?
1
Let d = -2 + 33. What is the units digit of d?
1
Let v(r) = 11*r - 3. Let n(f) = 6*f - 2. Let w = -10 + 5. Let m(c) = w*n(c) + 3*v(c). What is the units digit of m(2)?
7
Let g(q) = q**3 - q**2 + 5*q - 4. What is the units digit of g(3)?
9
Let u(m) = -2*m - 3 - 9*m**3 - 10*m**3 + 2. What is the units digit of u(-1)?
0
What is the units digit of (-1)/((-4)/9)*(7 - -17)?
4
Let s be 7 - (2 - -1) - -1. Suppose 0 = s*a - a - 40. What is the units digit of a?
0
Let p = 112 - 73. What is the tens digit of p?
3
Suppose 100 = 2*d - 28. What is the tens digit of d?
6
Suppose -2*g = -2*f - 486, f + 3*f = -12. What is the tens digit of g?
4
Let c be 2*(-1)/(-2) - 37. Let y be c/(-16)*32/3. Suppose 0*h - y = -4*h. What is the units digit of h?
6
Let u be (-1 + 2)/((-3)/21). Let o = u + 13. What is the units digit of o?
6
Let c = -42 + 59. Suppose 2*y = 5*s - c, -5*s - 4*y - y = -10. Suppose 5*b = 2*b + s. What is the units digit of b?
1
Let l be 1/(2 - (-22)/(-12)). Suppose l*h = 3*h + 18. Suppose -2*x + h = -16. What is the units digit of x?
1
Let t = -118 + 199. What is the units digit of t?
1
Let t(k) = -3*k**3 + 2*k**2 - 1. Let q(y) = 16*y**3 - 11*y**2 + y + 4. Let s(a) = -2*q(a) - 11*t(a). What is the units digit of s(2)?
7
Let r = 11 - 7. Suppose g = -r*m - 1, -2 = -0*m + m. What is the units digit of g?
7
Suppose 0 = -2*k - 3*k + 3*g + 16, -4*g = 2*k + 4. Let l be 30/4*(-8)/(-10). What is the units digit of 12*(14/l - k)?
4
Suppose 0 = -2*s - 1 - 3. What is the units digit of 10 - (s - 0/3)?
2
Let h(a) = -a**3 + 1. Let z(j) = 2*j**3 - 5*j**2 - j - 8. Let t(n) = -3*h(n) - z(n). Let l be t(-5). What is the units digit of l + -2 + 2 + 1?
1
Suppose -i = 3*i - 8. Suppose 4*h - h - 9 = 0. Let y = h - i. What is the units digit of y?
1
Let y = -6 + 10. Suppose -3*l - 6 = -y*l. What is the units digit of l?
6
Let o = 121 + -81. Suppose n = 5*n - o. What is the units digit of n?
0
What is the hundreds digit of 7 + (-12)/3 - (-98 - 1)?
1
Suppose 4*g - 12 = g. Suppose -20 - 52 = -g*v. What is the tens digit of v?
1
Let z(v) = 4*v**2 + 3*v - 7. What is the tens digit of z(-4)?
4
Suppose 0 = -h + 8 + 34. What is the units digit of h?
2
Let h = 93 + 15. What is the tens digit of h?
0
Let h be ((-3)/((-9)/24))/2. Let c be ((-1)/(-3))/(h/48). Suppose -4*u + 4*o = 0, u - c = -2*u - o. What is the units digit of u?
1
Suppose r + 401 = 5*p, -4*p + 2*r = -0*r - 316. What is the tens digit of p?
8
Let a(o) = -o. Let u be a(-1). Suppose 23 = 4*r - u. Suppose 3*f = 2*t - r + 48, 0 = -4*t. What is the units digit of f?
4
Suppose 0*m + m + 26 = 3*y, 32 = y - 5*m. What is the units digit of y?
7
Let u(f) = f**3 - 5*f**2 - f + 5. Let c be u(5). Suppose c*b = -b + 1. What is the units digit of b?
1
Let d(b) = -10*b - 20. What is the tens digit of d(-15)?
3
Suppose -2*c - 2*k = -0*c - 16, 0 = c + 5*k - 28. Suppose -15 = -3*j, -5*j = 3*h - 5*h - c. What is the tens digit of h?
1
What is the tens digit of 1/(1/(-29)*(-10)/30)?
8
Let k(v) = 17*v + 2. What is the units digit of k(1)?
9
Let u be 105/10*4/6. Suppose 35 = 5*f - 0*n + 4*n, u = f + 3*n. Suppose -4*m = -i - m - f, -m + 13 = 5*i. What is the units digit of i?
2
Let a be 3/(-2) - 13/(-2). Let m(k) = 2*k - 8. What is the units digit of m(a)?
2
Let u(z) = -5*z - 12. What is the units digit of u(-7)?
3
Suppose -d = -t - 3*d + 186, 2*d = -5*t + 954. What is the units digit of t?
2
Let l = 2 - -39. What is the tens digit of l?
4
Let d(g) be the first derivative of g**4/4 - g**2/2 + 5*g + 1. Suppose i + 2*i = 0. What is the units digit of d(i)?
5
Suppose 1 = -x - 0*x - r, -2*x - 4*r + 8 = 0. Suppose 0 = 2*h + 3*f - 14, -3*f + 8*f = 10. What is the tens digit of h/x - 32/(-3)?
1
Let w be 36/(-14)*(-14)/3. Let v = -7 + w. What is the units digit of v?
5
Let u(h) = h**3 - 7*h**2 + 5. Let q be u(7). Suppose 139 = 5*l + 3*a, -q*a + 23 = -5*l + 178. What is the units digit of l?
9
Let u(q) = q**3 - 11*q**2 + 11*q + 10. Let r be u(10). Suppose 4*i = r + 16. What is the units digit of 2/9 - (-52)/i?
6
Let x be (1 - 1) + (-11)/(-1). Let t be 4 + (3 - -1 - 3). Let a = x - t. What is the units digit of a?
6
Suppose 4*b - 11 + 3 = w, 2*w - 3*b - 4 = 0. Let f be (w/(-3) - -3)*-3. What is the units digit of 1*(9 - (-1 - f))?
9
Let m(w) = -3*w - 6. Let t be m(-4). Suppose -14 + t = -4*u, -18 = -4*d + 3*u. What is the units digit of d?
6
Let u = -22 + 14. Let m be (1 + (-1)/5)*25. Let s = m + u. What is the tens digit of s?
1
Let f be 2 - -1 - (-3 - -4). Suppose -w - 140 = g - 5*g, -136 = -4*g + 2*w. Suppose 5*i = -4*q + g, -3*i + f*i + 3 = 5*q. What is the units digit of i?
8
Suppose 188 = 2*a + a + 4*t, 3*t + 3 = 0. What is the tens digit of a?
6
Let x(q) = -2*q - 3. Let a be x(-4). Suppose a*v + 109 = 3*d + 29, 0 = 2*v + 2. What is the tens digit of 280/d - 1/5?
1
Suppose r - 4*l + 80 = 3*r, -3*r - 4*l + 118 = 0. What is the tens digit of r?
3
Suppose 3*h - 30 = 30. What is the tens digit of h?
2
Suppose 17*v = -349 + 3664. What is the units digit of v?
5
Let k = -49 + 90. What is the tens digit of k?
4
Let s(z) = -z + 11. Suppose 3*u + u + 20 = 2*h, -5*h = 4*u - 36. Let w be s(h). What is the units digit of (-1)/w*(1 - 10)?
3
Let t = -7 + 22. Suppose -m = -0*m - t. Let l = 25 - m. What is the tens digit of l?
1
Let r(k) be the third derivative of -k**4/2 + k**2. What is the tens digit of r(-1)?
1
Let a = 286 - -84. What is the hundreds digit of a?
3
Let d = 157 + -81. What is the tens digit of d?
7
Let v(u) = 4*u - 6 - 4*u + u**2 + 6*u. What is the units digit of v(-8)?
0
Let a(b) = -b**2 + 8*b - 4. What is the units digit of a(7)?
3
Suppose 20 = 3*n + 2*n. Suppose -2*l = -8, 4*o + 0*o + l = 28. Suppose v - o*v + 20 = 0, n*d - 8 = -v. What is the units digit of d?
1
Suppose -5*o + 5*x - 27 = -227, 0 = -3*x. What is the units digit 